alculate the remainder when 19741 is divided by 1012.
513
Calculate the remainder when 838947 is divided by 1275.
1272
What is the remainder when 36564 is divided by 9?
6
Calculate the remainder when 5356 is divided by 152.
36
Calculate the remainder when 239714 is divided by 87.
29
What is the remainder when 7614 is divided by 275?
189
Calculate the remainder when 6284 is divided by 635.
569
Calculate the remainder when 190002 is divided by 34.
10
What is the remainder when 7669 is divided by 126?
109
What is the remainder when 151511 is divided by 13?
9
What is the remainder when 16591 is divided by 1273?
42
Calculate the remainder when 279 is divided by 204.
75
What is the remainder when 104985 is divided by 14?
13
Calculate the remainder when 8258 is divided by 102.
98
Calculate the remainder when 330871 is divided by 118.
117
Calculate the remainder when 15920 is divided by 5299.
23
What is the remainder when 250637 is divided by 222?
221
Calculate the remainder when 165357 is divided by 27559.
3
Calculate the remainder when 639406 is divided by 1038.
1036
Calculate the remainder when 215345 is divided by 133.
18
What is the remainder when 1299 is divided by 505?
289
What is the remainder when 1527499 is divided by 1250?
1249
What is the remainder when 5431 is divided by 85?
76
Calculate the remainder when 25039 is divided by 544.
15
Calculate the remainder when 21317 is divided by 21.
2
What is the remainder when 35515 is divided by 711?
676
What is the remainder when 28944 is divided by 278?
32
What is the remainder when 3972 is divided by 1934?
104
Calculate the remainder when 1771 is divided by 25.
21
What is the remainder when 4883 is divided by 57?
38
Calculate the remainder when 57426 is divided by 798.
768
Calculate the remainder when 6068 is divided by 1209.
23
Calculate the remainder when 27579 is divided by 31.
20
What is the remainder when 2121 is divided by 2087?
34
What is the remainder when 3331 is divided by 152?
139
What is the remainder when 3318434 is divided by 15?
14
What is the remainder when 4700 is divided by 310?
50
What is the remainder when 368004 is divided by 490?
14
What is the remainder when 2396 is divided by 239?
6
Calculate the remainder when 43744 is divided by 49.
36
Calculate the remainder when 527438 is divided by 295.
273
Calculate the remainder when 74720 is divided by 479.
475
Calculate the remainder when 56741 is divided by 516.
497
Calculate the remainder when 11732 is divided by 135.
122
What is the remainder when 1150 is divided by 482?
186
What is the remainder when 38622 is divided by 1043?
31
What is the remainder when 2077 is divided by 204?
37
What is the remainder when 323103 is divided by 323098?
5
What is the remainder when 71073 is divided by 19?
13
What is the remainder when 206168 is divided by 68722?
2
What is the remainder when 212627 is divided by 55?
52
Calculate the remainder when 1571 is divided by 51.
41
What is the remainder when 60346 is divided by 170?
166
What is the remainder when 84776 is divided by 43?
23
Calculate the remainder when 3523 is divided by 736.
579
Calculate the remainder when 10349 is divided by 463.
163
What is the remainder when 754 is divided by 376?
2
What is the remainder when 489 is divided by 481?
8
What is the remainder when 460500 is divided by 230247?
6
Calculate the remainder when 637096 is divided by 33.
31
Calculate the remainder when 343607 is divided by 18.
5
Calculate the remainder when 564640 is divided by 11.
10
Calculate the remainder when 84708 is divided by 4458.
6
What is the remainder when 1021 is divided by 321?
58
What is the remainder when 10975 is divided by 649?
591
What is the remainder when 5494 is divided by 499?
5
What is the remainder when 27826 is divided by 69?
19
What is the remainder when 34131 is divided by 17060?
11
Calculate the remainder when 8629 is divided by 16.
5
Calculate the remainder when 9482 is divided by 35.
32
What is the remainder when 67489 is divided by 889?
814
What is the remainder when 27295 is divided by 6805?
75
Calculate the remainder when 2550 is divided by 2539.
11
Calculate the remainder when 3134 is divided by 98.
96
Calculate the remainder when 1695 is divided by 1678.
17
Calculate the remainder when 111139 is divided by 2646.
7
Calculate the remainder when 1888 is divided by 240.
208
What is the remainder when 54224 is divided by 364?
352
What is the remainder when 975 is divided by 110?
95
What is the remainder when 32895 is divided by 10964?
3
What is the remainder when 95215 is divided by 36?
31
Calculate the remainder when 258123 is divided by 17.
12
Calculate the remainder when 4873 is divided by 212.
209
Calculate the remainder when 15469 is divided by 36.
25
What is the remainder when 2040 is divided by 390?
90
What is the remainder when 802306 is divided by 481?
479
Calculate the remainder when 19063 is divided by 69.
19
Calculate the remainder when 126606 is divided by 199.
42
Calculate the remainder when 3784 is divided by 170.
44
What is the remainder when 9573 is divided by 88?
69
Calculate the remainder when 3416 is divided by 844.
40
What is the remainder when 86639 is divided by 456?
455
What is the remainder when 272 is divided by 122?
28
Calculate the remainder when 15971219 is divided by 82.
79
Calculate the remainder when 3233 is divided by 887.
572
What is the remainder when 224021 is divided by 44804?
1
What is the remainder when 19056 is divided by 30?
6
Calculate the remainder when 844798 is divided by 20.
18
What is the remainder when 7170 is divided by 124?
102
Calculate the remainder when 96262 is divided by 13750.
12
Calculate the remainder when 198908 is divided by 99445.
18
Calculate the remainder when 10451 is divided by 1171.
1083
Calculate the remainder when 14779 is divided by 1640.
19
Calculate the remainder when 1170 is divided by 74.
60
Calculate the remainder when 6476 is divided by 9.
5
What is the remainder when 5438 is divided by 782?
746
What is the remainder when 7913 is divided by 321?
209
Calculate the remainder when 2736 is divided by 2696.
40
What is the remainder when 4967 is divided by 1033?
835
Calculate the remainder when 1111567 is divided by 1884.
7
Calculate the remainder when 2071 is divided by 409.
26
Calculate the remainder when 335 is divided by 18.
11
Calculate the remainder when 11395 is divided by 3798.
1
Calculate the remainder when 8003 is divided by 1352.
1243
Calculate the remainder when 5675 is divided by 5623.
52
Calculate the remainder when 2339 is divided by 1253.
1086
Calculate the remainder when 27028 is divided by 1309.
848
What is the remainder when 762845 is divided by 32?
29
Calculate the remainder when 3896 is divided by 141.
89
What is the remainder when 1182368 is divided by 10?
8
What is the remainder when 28181 is divided by 8831?
1688
What is the remainder when 2660 is divided by 461?
355
Calculate the remainder when 509 is divided by 20.
9
Calculate the remainder when 4886 is divided by 221.
24
What is the remainder when 17684 is divided by 1932?
296
What is the remainder when 42420 is divided by 2337?
354
Calculate the remainder when 79978 is divided by 13315.
88
Calculate the remainder when 8259 is divided by 147.
27
What is the remainder when 54182 is divided by 62?
56
Calculate the remainder when 547467 is divided by 63.
60
Calculate the remainder when 6591 is divided by 50.
41
What is the remainder when 6829 is divided by 517?
108
Calculate the remainder when 110895 is divided by 202.
199
What is the remainder when 8620 is divided by 19?
13
Calculate the remainder when 229692 is divided by 7409.
13
What is the remainder when 3278 is divided by 566?
448
Calculate the remainder when 16143 is divided by 10.
3
What is the remainder when 203387 is divided by 376?
347
What is the remainder when 20644 is divided by 1587?
13
Calculate the remainder when 22729 is divided by 37.
11
What is the remainder when 2866 is divided by 1430?
6
What is the remainder when 3924 is divided by 355?
19
Calculate the remainder when 2331 is divided by 511.
287
Calculate the remainder when 1722 is divided by 566.
24
Calculate the remainder when 64780 is divided by 26.
14
Calculate the remainder when 655265 is divided by 72801.
5